**3 - 2*i**3 - 3*i - 5. Let p be x(8). Let b(d) = -d**3 - 5*d**2 - d + 1. Determine b(p).
6
Let p(r) be the second derivative of 1/3*r**3 + 1/2*r**2 - 1/6*r**4 + 8*r + 0. Let g = -9 - -8. Calculate p(g).
-3
Let a(b) = 3*b - 4. Suppose -3*h + 44 = 8*h. Suppose -h*f + j = -2*f - 6, 4*j = 0. Give a(f).
5
Suppose -5*r - 4*y + 10 = 0, -2*r + 2 = 5*y + 15. Let n(v) = 124*v**3 + 2*v**2 - 2*v. Let j(u) = -25*u**3 + u**2 - u. Let z(h) = 5*j(h) + n(h). Determine z(r).
-6
Let u(y) = -y - 1. Let o(m) = -8*m**3 - 2*m**2 + 3*m. Suppose -4*x = -4*r + 2*r - 10, 5 = 2*r + x. Let p be o(r). Determine u(p).
6
Let k be (-4)/8*1*-8. Let d(a) = -k + 7*a + 0*a**2 - 2*a + 2*a**2 - 3*a**2. Let r(w) = -w**3 + 9*w**2 - 7*w - 5. Let f be r(8). What is d(f)?
2
Let h(g) = 7*g**2 - g**2 - g**3 - 5*g + 1 - 7. Suppose -12*a = 87*a - 495. Give h(a).
-6
Let d(i) = 9 - 13*i + 301*i**2 - 300*i**2 + 4*i. Suppose 0 = 5*a - g - 40, -3*a + 11 = -g + 3*g. Calculate d(a).
-5
Let a(p) = 104 - 110 + 14*p - 13*p. What is a(-5)?
-11
Suppose -4*i + 3*i + 3*z = 0, -4*z - 8 = -4*i. Let t(u) = i*u**2 + 2 - 14*u**2 - 1 - u**2 + u. Let r(x) = -x**2 - 3*x - 1. Let m be r(-3). Give t(m).
-12
Let g(c) = -c - 7. Let j be g(-5). Let w(d) be the third derivative of d**5/60 + 6*d**2. Let y(q) = 4*q**2 - q - 2. Let r(f) = 5*w(f) - y(f). Determine r(j).
4
Let p(k) = -k**2 - 3*k + 7. Suppose 5*o + v + 24 = o, 5*v + 18 = -3*o. Determine p(o).
-11
Let t(c) = -c**3 + 4*c**2 - c - 2. Suppose 0 = -47*p + 23*p + 72. Determine t(p).
4
Let j(u) = 260*u**2 - u + 1 - u + u**3 - 257*u**2. Suppose 25*p + 20 = 20*p. Calculate j(p).
-7
Suppose -c - 3 = 3. Let u(j) = -80 - 3*j**2 + 3*j**2 + 156 - 77 + 7*j + j**2. Calculate u(c).
-7
Let j be 4 - (-14)/(-6)*3. Let r(q) = -3*q - 1 - 2*q + 0*q + 2*q. What is r(j)?
8
Let t = -49 + 52. Let d(m) = m**2 - 3*m - 2. Calculate d(t).
-2
Suppose 0 = -8*j + 2*j + 36. Suppose t - j*t + 20 = 0. Let g(x) be the second derivative of x**3/2 - 3*x**2 + x. What is g(t)?
6
Let x(k) = k**3 + 9*k**2 - 10*k + 7. Let d be x(-10). Let p(g) = 14*g - 32. Let v(y) = 44 - y + 6*y - 55. Let l(b) = 3*p(b) - 8*v(b). What is l(d)?
6
Suppose 0 = 2*y + 2 - 0. Suppose -7*k + 14 = -0*k. Let m(g) = -214*g + 430*g - 217*g - 6*g**k. Give m(y).
-5
Let k(f) = -3*f**3 - 5*f - 4*f**2 + 2*f**3 + f. Let a = 50 + -38. Let m be 0 + -4 - (-3)/a*4. What is k(m)?
3
Let p(y) = y**3 - 58*y**2 + 105*y + 412. Let w be p(56). Let u(k) = 2*k**2 - 41*k + 22. Calculate u(w).
2
Suppose 0 = 2*i - b + 8, -2*i + 0*b = -4*b + 8. Let u(h) = -2*h**2 - 6*h + 5. Determine u(i).
-3
Let f(n) = -n + 3. Let r = 29 + -26. Calculate f(r).
0
Let f = 30 + -20. Suppose h + 15 = -4*j, 3*j - 3*h + f = -4*h. Let q(k) = k**2 + 4*k + 6. Give q(j).
11
Let y(s) = 7*s**2 - 4*s + 10. Let w(a) = 5 - 7 + 13 - 4*a + 8*a**2 + 0*a. Let g(h) = -6*w(h) + 7*y(h). Determine g(4).
4
Suppose 3*r = 3*z + 51, -2*z - 13 = 3*r - 4. Let j(n) be the first derivative of -n**2/2 - 11*n + 4764. Calculate j(z).
1
Let b(j) = 8509 + j**2 - 2*j - 8509. What is b(2)?
0
Let b = -8 + 11. Suppose -b*o - o = 2*c + 20, 14 = -4*c + 5*o. Let d(s) = -4 + 9 - 7 + 7*s + s**2. What is d(c)?
-8
Let s(t) = -t. Let v(j) = 7*j - 7. Let z(i) = 6*s(i) + v(i). Give z(10).
3
Let b(w) = -3 + 3 - 141*w + 70*w + 70*w + 2. Let y(j) = -j**3 + 3*j**2 - j + 3. Let r be y(3). Give b(r).
2
Let u be (-35)/(-60) + 3/(-12). Let l(p) be the second derivative of -4*p - u*p**3 + 0 - 2*p**2. What is l(-6)?
8
Let p(v) = -153*v - 150*v - v**3 - 5*v**2 + 302*v - 9. Give p(-5).
-4
Let o(y) = y**2 - 1. Suppose -5*p = -2*a - 13, 4*p - a - a - 12 = 0. Let k(s) = -1 + 2*s + 4 - p - 4*s**2. Let x(d) = -k(d) - 2*o(d). Determine x(-2).
12
Let j(b) be the second derivative of b**4/12 - b**3/6 + b. Let d(a) = a**3 - 35*a + 53. Let m be d(5). Give j(m).
6
Let v(j) = 2*j + 1. Let y(l) = 11*l + 10. Let x(t) = 6*v(t) - y(t). Determine x(-7).
-11
Let c(a) = -2*a**3 - 74*a + a**2 - 75*a + 152*a + 2. Calculate c(2).
-4
Suppose 0 = 7*t - 38 + 17. Suppose 3*v + 2 = -1, 11 = -c - t*v. Let a(k) = -k + 12 + 0*k**3 + 11*k + k**3 + 9*k**2. Calculate a(c).
-4
Let j(l) = 14*l. Let t(b) = 30*b - 1. Let m(w) = 4*j(w) - 2*t(w). Determine m(2).
-6
Let d(c) = 4*c - 4. Suppose -2*i = i - o - 9, 4*o + 12 = 4*i. Let v be d(i). Let b(x) = -2*x + 11. Determine b(v).
-5
Let k(t) be the second derivative of -t**4/12 + 4*t**3/3 - 3*t**2 + 140*t - 2. Determine k(8).
-6
Let s(q) = -5*q + 7 + 5*q - q + q - q. Suppose 3*l - 5*n - 70 = 0, n = -4*l + 3*n + 70. Suppose -l = f - 4*f. Determine s(f).
2
Let x(n) = 7*n**2 - 2*n - 1. Let y(i) = -6*i - 4. Let f be y(-2). Let t(z) = z**2 - 8*z - 1. Let a be t(f). Give x(a).
8
Let c(w) be the third derivative of -w**5/60 - w**4/12 + w**3/6 + 180*w**2. What is c(-4)?
-7
Let c(q) = -6*q - 1. Let k be c(-1). Let g(z) be the first derivative of -5/2*z**2 - 8 + 1/3*z**3 + 3*z. What is g(k)?
3
Let t(s) = 2*s - 3. Let z = 157 - 45. Let m = z + -118. Calculate t(m).
-15
Let c(m) = -5*m - 5. Let l be ((-1)/(-3))/((-4)/(-36)). Let y(b) = 2*b + 2. Let j(d) = l*c(d) + 8*y(d). What is j(6)?
7
Let k(p) = -5*p + 1. Suppose 4*z - 3*w + 27 = 126, 4*z - 109 = 5*w. Let j = -20 + z. What is k(j)?
-4
Let t(a) be the second derivative of a**5/60 - a**4/12 + 3*a**2/2 - 13*a. Let q(z) be the first derivative of t(z). What is q(3)?
3
Suppose -3*g + 25 - 7 = 0. Let z(c) be the first derivative of c**3/3 - 3*c**2 + 9*c + 1335. What is z(g)?
9
Let k(n) = 2*n**2 + n + 1. Let p be k(1). Let y = p + -1. Let l(h) = 29 - 19 - h - 14 + h**3 + y*h**2. Determine l(-3).
-1
Let a(i) = -7 + 19 - 7*i - 9 - 2 + i**2. Let z(j) = -4*j**2 + 21*j - 4. Let k be -1 - (0 - (0 + -1)). Let r(n) = k*z(n) - 7*a(n). Give r(-7).
1
Let l(n) = -n**2 + 13*n + 12. Let w = -574 - -587. Give l(w).
12
Let f(s) = -106*s + 33*s + 38*s - 3 + 30*s. Let y(r) = r - 1. Let k(d) = f(d) + 4*y(d). Determine k(-3).
-4
Let f(a) be the first derivative of -a**3/3 - 4*a**2 + 5*a - 102. Determine f(-7).
12
Let x = -1315 - -1316. Let y(d) = -5*d**2. Determine y(x).
-5
Let t(d) = -d. Suppose 0 = -w + 4*w + 36. Let h be (64/(-6))/((-4)/w). Let r be 4/h*-1*8. What is t(r)?
-1
Let h(w) = -2*w - 16. Let r be h(-3). Let t(p) = -p - 6. What is t(r)?
4
Let b(x) = -93*x - 285. Let c be b(-3). Let s(v) = 1 - v + 3*v - 3*v. Give s(c).
7
Let z(f) = -f + 5. Let m be z(3). Let s(y) = -1 + 0*y + y - m - 18. Determine s(9).
-12
Let r = -64 + 66. Let l(t) = -41*t + 40*t - r + 15. Determine l(6).
7
Let a(t) = -3*t + 0*t + 2*t - 4. Let u be (-767)/247 - (-4)/38. Calculate a(u).
-1
Let t be 0*(-10)/(-60) + 1*4. Let k(g) = -12*g**2 - 12*g**2 + 25*g**2 - t*g. Calculate k(5).
5
Let j(r) = -5*r - 5. Let p(g) = -6*g - 5. Let h(s) = -3*j(s) + 2*p(s). Let w(i) = i + 3. Let m(z) = 2*h(z) - 5*w(z). Determine m(9).
4
Let j be (21 + -1)/((-198)/297). Let n(y) = -2*y - 63. Give n(j).
-3
Let c(x) = -x**3 + 5*x**2 + 2*x - 3. Let s = -17 + 19. Suppose s*j = -z + 7, -2*z + 16 = 6. Suppose -26 = -4*l + 2*r, -4*r + j = 2*l + 3. What is c(l)?
7
Let p be 18/(-6)*(-5)/3. Suppose -p*y + 12 = -3*y. Suppose r + y = -h, -5*r + h - 27 = 3*h. Let i(l) = l**2 + 7*l + 5. Give i(r).
-5
Let t(b) = 8*b + 0 + 38194*b**2 - 38193*b**2 + 2. Let u be (-29)/4 - 5/(-20). Determine t(u).
-5
Let o(s) = -s**3 + 4*s + 1. Let f(w) = -4*w + 2. Let u be f(-6). Suppose 0 = -2*m - 4*l + u, 3*m - 2*l = -3*l + 14. Determine o(m).
-14
Suppose -4*p + 16 = 4*w, -2*p - 10 = -w - p. Let m = w + 1. Let f(l) = 5*l + l - m*l. Give f(-2).
4
Let t(d) = -7*d**2 + 11*d. Let k(x) = 12*x**2 - 21*x - 2. Let r(c) = -4*k(c) - 7*t(c). Determine r(-5).
-2
Let x(h) = -h**2 + 13*h - 2. Let v(g) be the third derivative of -g**4/24 + g**3/6 - 23*g**2. Let t(i) = -5*v(i) - x(i). Determine t(9).
6
Let v(y) = -59*y - 3. Let n(w) = -10*w - 1. Let f(p) = 6*n(p) - v(p). Let h = 14 - 8. Let l be 22/h - 2/3. Give f(l).
-6
Let y(l) = -10 - 9*l - 16*l**2 + 2*l**3 + 16*l**2 - 3*l**3 - 8*l**2 + 0. Determine y(-7).
4
Suppose 5*d + 2 + 3 = 0. Let q(t) be the first derivative of -9*t**2/2 - t - 18. Calculate q(d).
8
Let y(c) be the first derivative of c**2/2 - 4*c - 36. Suppose 2*n - 20 = -3*n. Suppose 2*z + 12 = -n*t, -9 = -z + 4*t + 3. What is y(z)?
-4
Let j(u) = 9*u - 1. Let r(q) = -19*q + 34. Let t(h) = 2*j(h) + r(h). Determine t(25).
7
Let o(z) = z**3 - 3*z**2 - 2*z + 2. Let i be o(0). Let n(